git of 105495?
9
What is the tens digit of 286639?
3
What is the thousands digit of 674824?
4
What is the hundreds digit of 14336099?
0
What is the units digit of 1992726?
6
What is the thousands digit of 876915?
6
What is the ten thousands digit of 134327?
3
What is the thousands digit of 1156985?
6
What is the millions digit of 8712245?
8
What is the millions digit of 3062183?
3
What is the hundred thousands digit of 290630?
2
What is the hundreds digit of 421303?
3
What is the millions digit of 14198063?
4
What is the thousands digit of 16310202?
0
What is the units digit of 122315?
5
What is the thousands digit of 1316341?
6
What is the ten thousands digit of 363084?
6
What is the tens digit of 6650825?
2
What is the hundred thousands digit of 1330391?
3
What is the hundreds digit of 1824429?
4
What is the ten thousands digit of 14498121?
9
What is the hundreds digit of 395830?
8
What is the thousands digit of 473405?
3
What is the thousands digit of 4410859?
0
What is the units digit of 26651495?
5
What is the units digit of 1476762?
2
What is the units digit of 298951?
1
What is the tens digit of 3823182?
8
What is the ten thousands digit of 1724859?
2
What is the thousands digit of 4430?
4
What is the tens digit of 86855?
5
What is the ten millions digit of 17324144?
1
What is the thousands digit of 177833?
7
What is the hundreds digit of 5467326?
3
What is the hundreds digit of 8163953?
9
What is the millions digit of 6090816?
6
What is the thousands digit of 218557?
8
What is the ten thousands digit of 2094663?
9
What is the tens digit of 6699906?
0
What is the hundreds digit of 381440?
4
What is the units digit of 1164511?
1
What is the thousands digit of 3881888?
1
What is the ten thousands digit of 2383885?
8
What is the tens digit of 6007781?
8
What is the thousands digit of 199990?
9
What is the hundreds digit of 2329193?
1
What is the ten thousands digit of 530700?
3
What is the ten thousands digit of 3729370?
2
What is the millions digit of 6078390?
6
What is the millions digit of 2452463?
2
What is the thousands digit of 2593821?
3
What is the units digit of 56152?
2
What is the hundred thousands digit of 9828061?
8
What is the ten thousands digit of 1890322?
9
What is the millions digit of 4625359?
4
What is the ten thousands digit of 1298609?
9
What is the hundred thousands digit of 180302?
1
What is the hundreds digit of 2093955?
9
What is the units digit of 1639652?
2
What is the hundred thousands digit of 19819571?
8
What is the thousands digit of 243381?
3
What is the hundreds digit of 4640485?
4
What is the millions digit of 1691421?
1
What is the thousands digit of 8671049?
1
What is the tens digit of 1270613?
1
What is the ten thousands digit of 192394?
9
What is the tens digit of 614139?
3
What is the tens digit of 153100?
0
What is the hundreds digit of 1796549?
5
What is the hundreds digit of 37410?
4
What is the units digit of 82846?
6
What is the units digit of 2059621?
1
What is the units digit of 64862?
2
What is the ten thousands digit of 441136?
4
What is the tens digit of 311534?
3
What is the hundred thousands digit of 1046254?
0
What is the tens digit of 24859552?
5
What is the tens digit of 581463?
6
What is the millions digit of 25030414?
5
What is the ten thousands digit of 772132?
7
What is the thousands digit of 210569?
0
What is the ten thousands digit of 10744826?
4
What is the hundreds digit of 186982?
9
What is the hundred thousands digit of 6017066?
0
What is the hundreds digit of 1098526?
5
What is the ten thousands digit of 1149545?
4
What is the thousands digit of 3664520?
4
What is the units digit of 1740025?
5
What is the tens digit of 355623?
2
What is the ten thousands digit of 588291?
8
What is the tens digit of 139470?
7
What is the ten thousands digit of 435325?
3
What is the hundreds digit of 7661016?
0
What is the tens digit of 196512?
1
What is the hundreds digit of 1174254?
2
What is the units digit of 208327?
7
What is the thousands digit of 1241155?
1
What is the hundreds digit of 188132?
1
What is the millions digit of 13694792?
3
What is the tens digit of 399945?
4
What is the millions digit of 15384704?
5
What is the ten thousands digit of 3508152?
0
What is the thousands digit of 30823?
0
What is the hundreds digit of 145074?
0
What is the hundreds digit of 84363?
3
What is the ten thousands digit of 10032946?
3
What is the tens digit of 511676?
7
What is the thousands digit of 96000?
6
What is the thousands digit of 1273728?
3
What is the thousands digit of 363208?
3
What is the hundred thousands digit of 11279101?
2
What is the units digit of 2519993?
3
What is the tens digit of 1820825?
2
What is the thousands digit of 254540?
4
What is the hundred thousands digit of 262974?
2
What is the hundred thousands digit of 11142416?
1
What is the ten thousands digit of 5705651?
0
What is the thousands digit of 5446020?
6
What is the units digit of 146114?
4
What is the thousands digit of 133167?
3
What is the ten thousands digit of 4304111?
0
What is the tens digit of 118503?
0
What is the hundred thousands digit of 218909?
2
What is the thousands digit of 220110?
0
What is the tens digit of 602705?
0
What is the ten thousands digit of 333109?
3
What is the hundreds digit of 1003676?
6
What is the thousands digit of 2655771?
5
What is the ten thousands digit of 660260?
6
What is the ten thousands digit of 1094842?
9
What is the ten thousands digit of 168466?
6
What is the hundred thousands digit of 18366892?
3
What is the units digit of 674530?
0
What is the millions digit of 25726543?
5
What is the ten thousands digit of 1319083?
1
What is the hundred thousands digit of 102380?
1
What is the units digit of 4213449?
9
What is the units digit of 141128?
8
What is the thousands digit of 14469170?
9
What is the ten thousands digit of 868833?
6
What is the hundreds digit of 6581645?
6
What is the ten thousands digit of 23224?
2
What is the tens digit of 653964?
6
What is the hundreds digit of 2714210?
2
What is the hundred thousands digit of 20848187?
8
What is the hundred thousands digit of 1376129?
3
What is the tens digit of 15333836?
3
What is the hundreds digit of 181311?
3
What is the units digit of 4958398?
8
What is the millions digit of 2510847?
2
What is the tens digit of 3436849?
4
What is the hundred thousands digit of 1177482?
1
What is the units digit of 300455?
5
What is the hundred thousands digit of 164694?
1
What is the units digit of 55200?
0
What is the tens digit of 380079?
7
What is the hundreds digit of 387355?
3
What is the units digit of 3177351?
1
What is the hundreds digit of 5199864?
8
What is the millions digit of 9713611?
9
What is the millions digit of 2305860?
2
What is the ten thousands digit of 1530832?
3
What is the ten thousands digit of 25260?
2
What is the hundred thousands digit of 1133622?
1
What is the units digit of 84251?
1
What is the thousands digit of 31175?
1
What is the hundreds digit of 1489397?
3
What is the ten thousands digit of 177551?
7
What is the tens digit of 8204?
0
What is the ten thousands digit of 64349?
6
What is the tens digit of 2635396?
9
What is the hundreds digit of 511562?
5
What is the ten thousands digit of 3490110?
9
What is the units digit of 15650593?
3
What is the hundred thousands digit of 4547835?
5
What is the hundred thousands digit of 11601548?
6
What is the thousands digit of 3586810?
6
What is the hundred thousands digit of 21231745?
2
What is the thousands digit of 577525?
7
What is the tens digit of 75940?
4
What is the tens digit of 42722?
2
What is the hundreds digit of 25907662?
6
What is the thousands digit of 20136471?
6
What is the millions digit of 3444107?
3
What is the hundred thousands digit of 476494?
4
What is the units digit of 114494?
4
What is the units digit of 2404267?
7
What is the hundred thousands digit of 334753?
3
What is the ten thousands digit of 1164328?
6
What is the ten thousands digit of 187943?
8
What is the hundreds digit of 1466367?
3
What is the thousands digit of 4033186?
3
What is the hundred thousands digit of 297160?
2
What is the hundreds digit of 15258550?
5
What is the ten thousands digit of 2412538?
1
What is the ten thousands digit of 7959416?
5
What is the t